on divisor of 4052 and 269287816?
4052
What is the highest common factor of 5619871 and 92117?
367
What is the greatest common factor of 96714 and 2360538?
3582
Calculate the highest common divisor of 22311 and 1147518.
333
Calculate the greatest common factor of 150027 and 183094.
43
What is the highest common factor of 255278 and 8344546?
2342
What is the highest common divisor of 70 and 6889582?
14
What is the greatest common factor of 52292617 and 1235?
247
Calculate the highest common factor of 44520090 and 35502.
582
What is the greatest common factor of 206 and 33083703?
103
What is the greatest common factor of 131083 and 3179460?
2789
Calculate the highest common factor of 14870786 and 61024.
3814
What is the greatest common divisor of 72 and 756408?
24
Calculate the greatest common factor of 40924884 and 2436.
84
What is the greatest common divisor of 4865 and 3608440?
695
Calculate the greatest common divisor of 162424 and 112.
8
Calculate the greatest common divisor of 6641025 and 105.
15
Calculate the greatest common divisor of 92780226 and 1834.
1834
What is the highest common divisor of 252 and 41912640?
252
Calculate the highest common factor of 457 and 239938253.
457
What is the highest common divisor of 4818 and 530310?
66
Calculate the highest common divisor of 56 and 103404266.
14
Calculate the greatest common factor of 1376 and 15367512.
344
Calculate the greatest common divisor of 31709024 and 1976.
152
Calculate the greatest common factor of 4351 and 695473.
229
What is the greatest common divisor of 211814029 and 889?
889
Calculate the greatest common divisor of 125216 and 441051.
559
Calculate the greatest common factor of 67873 and 75348.
299
What is the highest common divisor of 1708 and 1732339?
427
What is the greatest common divisor of 122377392 and 3888?
1296
Calculate the greatest common factor of 10676 and 109605154.
5338
Calculate the highest common divisor of 131878989 and 121.
121
What is the highest common factor of 691 and 6619095910?
691
Calculate the greatest common divisor of 23768676 and 9.
9
What is the highest common factor of 7424600 and 2600?
200
What is the greatest common factor of 343684500 and 1500?
1500
What is the highest common divisor of 120636112 and 32?
16
Calculate the greatest common divisor of 5592 and 44664469.
233
Calculate the highest common divisor of 31845316 and 956.
956
Calculate the highest common divisor of 424 and 5129.
1
Calculate the greatest common divisor of 97470 and 19642010.
3610
What is the highest common factor of 136042 and 3221648?
542
Calculate the highest common divisor of 1161 and 1655892117.
387
What is the greatest common factor of 65 and 354970317?
13
Calculate the greatest common factor of 778726 and 10802.
982
Calculate the greatest common factor of 3189450 and 9925.
25
What is the highest common factor of 6684348 and 57948?
132
What is the greatest common factor of 19806 and 126?
6
What is the greatest common factor of 5661 and 330003?
333
What is the greatest common divisor of 7944 and 801682000?
2648
Calculate the greatest common divisor of 94696 and 344071.
133
Calculate the highest common divisor of 324816 and 50451.
201
What is the greatest common factor of 184772 and 320236?
28
Calculate the highest common divisor of 1479 and 812058.
87
What is the greatest common factor of 10025 and 1382050?
25
Calculate the greatest common factor of 5 and 111940735.
5
Calculate the greatest common divisor of 688 and 2889376.
16
Calculate the highest common factor of 274235 and 43030.
65
What is the greatest common divisor of 1681876 and 29204?
196
What is the highest common factor of 753046 and 904666?
5054
What is the greatest common divisor of 1332633582 and 39582?
13194
Calculate the greatest common factor of 4478181 and 81822.
3147
Calculate the greatest common factor of 68 and 7646294.
34
What is the highest common factor of 7243809 and 20514?
789
Calculate the greatest common divisor of 183811 and 26996.
397
What is the greatest common divisor of 188267754 and 30?
6
What is the greatest common divisor of 65 and 13141817?
13
What is the greatest common factor of 7 and 89738880?
7
What is the greatest common factor of 2 and 68673422?
2
Calculate the greatest common divisor of 64929900 and 2058.
2058
Calculate the greatest common factor of 942 and 522.
6
Calculate the highest common divisor of 224030 and 36980.
430
What is the greatest common divisor of 88 and 30551224?
88
What is the greatest common factor of 10593450 and 666330?
3990
Calculate the highest common divisor of 63 and 41433.
21
What is the greatest common divisor of 82839 and 430346?
521
What is the highest common factor of 389328 and 16608?
48
What is the highest common factor of 1065304 and 4440?
296
Calculate the highest common divisor of 1406 and 148659895.
703
What is the highest common factor of 54051523 and 133?
19
Calculate the greatest common factor of 13369810 and 23855.
1835
Calculate the greatest common divisor of 120 and 2405736.
24
Calculate the highest common divisor of 27717504 and 27968.
1216
What is the greatest common factor of 360 and 9011610?
90
Calculate the highest common divisor of 2282901384 and 2424.
2424
What is the greatest common factor of 393 and 151919652?
393
What is the greatest common factor of 251039400 and 480?
120
What is the greatest common factor of 6656 and 1236703?
13
What is the highest common factor of 9700 and 963225?
25
What is the greatest common divisor of 60582 and 54752958?
2634
Calculate the highest common factor of 33066 and 959112.
198
What is the highest common factor of 98 and 24637690?
98
Calculate the highest common divisor of 1258151000 and 1000.
1000
Calculate the highest common factor of 78933 and 30129.
249
Calculate the greatest common factor of 6 and 4153880.
2
What is the highest common divisor of 28768 and 501584?
464
What is the greatest common factor of 59432 and 65343920?
3128
What is the highest common factor of 4212 and 8126001?
1053
What is the highest common divisor of 294060 and 20128320?
1740
Calculate the greatest common divisor of 806 and 962442.
26
What is the highest common divisor of 76682 and 4094?
46
What is the highest common factor of 369 and 4744356?
123
What is the highest common factor of 42216060 and 6?
6
What is the greatest common divisor of 1371702 and 39?
3
What is the highest common divisor of 11880 and 10485288?
2376
Calculate the greatest common divisor of 26640768 and 113344.
4928
Calculate the highest common factor of 21 and 545993.
7
What is the greatest common factor of 11029 and 1595439?
269
What is the greatest common factor of 99 and 19629159?
33
What is the greatest common factor of 786 and 55401734?
262
Calculate the highest common divisor of 422460 and 10296.
36
Calculate the highest common divisor of 1036221 and 1688.
211
What is the greatest common factor of 1897323 and 5587?
37
Calculate the greatest common factor of 5106 and 185777.
37
Calculate the greatest common factor of 2768546 and 610.
122
What is the highest common divisor of 216 and 396246072?
24
Calculate the highest common factor of 103469 and 2117730.
967
Calculate the greatest common divisor of 1498790 and 80400.
670
What is the highest common divisor of 30562 and 1706516?
826
What is the greatest common factor of 3175800 and 1407?
201
Calculate the highest common divisor of 2239909032 and 3148.
3148
What is the greatest common factor of 33839 and 1748?
19
Calculate the highest common divisor of 19944 and 119220246.
4986
Calculate the highest common divisor of 104 and 122001832.
8
What is the greatest common factor of 10727085 and 3441?
93
What is the highest common factor of 36 and 752504058?
18
Calculate the highest common divisor of 8140 and 398420.
220
Calculate the greatest common factor of 389649 and 28119.
4017
Calculate the greatest common factor of 237924 and 25389575.
2203
Calculate the greatest common divisor of 22488200 and 2800.
1400
What is the highest common factor of 17444 and 31793846?
98
Calculate the highest common divisor of 1170479408 and 32.
16
What is the highest common divisor of 477855 and 12173?
259
Calculate the greatest common factor of 64335952 and 1094.
1094
Calculate the greatest common factor of